{"id":8,"date":"2025-12-04T23:26:31","date_gmt":"2025-12-04T22:26:31","guid":{"rendered":"https:\/\/sundb.staging-umgebung.de\/?page_id=8"},"modified":"2025-12-05T02:50:58","modified_gmt":"2025-12-05T01:50:58","slug":"home","status":"publish","type":"page","link":"https:\/\/sundb.staging-umgebung.de\/","title":{"rendered":"Home"},"content":{"rendered":"\t\t<div data-elementor-type=\"wp-page\" data-elementor-id=\"8\" class=\"elementor elementor-8\" data-elementor-post-type=\"page\">\n\t\t\t\t<div class=\"elementor-element elementor-element-a8af028 e-con-full e-flex e-con e-parent\" data-id=\"a8af028\" data-element_type=\"container\">\n\t\t<div class=\"elementor-element elementor-element-46df6d2 e-con-full e-flex e-con e-child\" data-id=\"46df6d2\" data-element_type=\"container\">\n\t\t\t\t<\/div>\n\t\t<div class=\"elementor-element elementor-element-0ff541c e-con-full e-flex e-con e-child\" data-id=\"0ff541c\" data-element_type=\"container\" data-settings=\"{&quot;background_background&quot;:&quot;classic&quot;}\">\n\t\t\t\t<div class=\"elementor-element elementor-element-c382248 elementor-widget elementor-widget-heading\" data-id=\"c382248\" data-element_type=\"widget\" data-widget_type=\"heading.default\">\n\t\t\t\t\t<h2 class=\"elementor-heading-title elementor-size-default\">Schneider und Bertrand<\/h2>\t\t\t\t<\/div>\n\t\t\t\t<div class=\"elementor-element elementor-element-2e2ee4e elementor-widget elementor-widget-heading\" data-id=\"2e2ee4e\" data-element_type=\"widget\" data-widget_type=\"heading.default\">\n\t\t\t\t\t<h2 class=\"elementor-heading-title elementor-size-default\">IHR IMMOBILIENMAKLER IN AACHEN<\/h2>\t\t\t\t<\/div>\n\t\t\t\t<div class=\"elementor-element elementor-element-9a1d2f7 elementor-widget elementor-widget-button\" data-id=\"9a1d2f7\" data-element_type=\"widget\" data-widget_type=\"button.default\">\n\t\t\t\t\t\t\t\t\t\t<a class=\"elementor-button elementor-button-link elementor-size-sm\" href=\"#\">\n\t\t\t\t\t\t<span class=\"elementor-button-content-wrapper\">\n\t\t\t\t\t\t\t\t\t<span class=\"elementor-button-text\">WEITER<\/span>\n\t\t\t\t\t<\/span>\n\t\t\t\t\t<\/a>\n\t\t\t\t\t\t\t\t<\/div>\n\t\t\t\t<\/div>\n\t\t<div class=\"elementor-element elementor-element-c9ec25f e-con-full e-flex e-con e-child\" data-id=\"c9ec25f\" data-element_type=\"container\" data-settings=\"{&quot;background_background&quot;:&quot;classic&quot;}\">\n\t\t\t\t<div class=\"elementor-element elementor-element-b1ed15b elementor-widget elementor-widget-heading\" data-id=\"b1ed15b\" data-element_type=\"widget\" data-widget_type=\"heading.default\">\n\t\t\t\t\t<h2 class=\"elementor-heading-title elementor-size-default\">BEWERTEN SIE JETZT IHRE IMMOBILIE<\/h2>\t\t\t\t<\/div>\n\t\t\t\t<div class=\"elementor-element elementor-element-b6ad234 elementor-widget elementor-widget-heading\" data-id=\"b6ad234\" data-element_type=\"widget\" data-widget_type=\"heading.default\">\n\t\t\t\t\t<h2 class=\"elementor-heading-title elementor-size-default\">Wir bewerten Ihre Immobilie mit bew\u00e4hrten Methoden und legen so das Fundament f\u00fcr Ihren erfolgreichen Immobilienverkauf<\/h2>\t\t\t\t<\/div>\n\t\t\t\t<\/div>\n\t\t<div class=\"elementor-element elementor-element-8b50150 e-con-full e-flex e-con e-child\" data-id=\"8b50150\" data-element_type=\"container\">\n\t\t\t\t<div class=\"elementor-element elementor-element-a272d86 elementor-widget elementor-widget-image\" data-id=\"a272d86\" data-element_type=\"widget\" data-widget_type=\"image.default\">\n\t\t\t\t\t\t\t\t\t\t\t\t\t\t\t<img fetchpriority=\"high\" decoding=\"async\" width=\"696\" height=\"446\" src=\"https:\/\/sundb.staging-umgebung.de\/wp-content\/uploads\/2025\/12\/Bildschirmfoto-2025-12-05-um-01.44.05-e1764895527612.png\" class=\"attachment-large size-large wp-image-26\" alt=\"\" srcset=\"https:\/\/sundb.staging-umgebung.de\/wp-content\/uploads\/2025\/12\/Bildschirmfoto-2025-12-05-um-01.44.05-e1764895527612.png 696w, https:\/\/sundb.staging-umgebung.de\/wp-content\/uploads\/2025\/12\/Bildschirmfoto-2025-12-05-um-01.44.05-e1764895527612-300x192.png 300w\" sizes=\"(max-width: 696px) 100vw, 696px\" \/>\t\t\t\t\t\t\t\t\t\t\t\t\t\t\t<\/div>\n\t\t\t\t<\/div>\n\t\t\t\t<\/div>\n\t\t<div class=\"elementor-element elementor-element-7d7d10b e-flex e-con-boxed e-con e-parent\" data-id=\"7d7d10b\" data-element_type=\"container\" data-settings=\"{&quot;background_background&quot;:&quot;classic&quot;}\">\n\t\t\t\t\t<div class=\"e-con-inner\">\n\t\t\t\t<div class=\"elementor-element elementor-element-9ee3743 elementor-widget elementor-widget-heading\" data-id=\"9ee3743\" data-element_type=\"widget\" data-widget_type=\"heading.default\">\n\t\t\t\t\t<h2 class=\"elementor-heading-title elementor-size-default\">SIE SUCHEN EINE IMMOBILIE?<\/h2>\t\t\t\t<\/div>\n\t\t\t\t<div class=\"elementor-element elementor-element-bcae2d8 elementor-widget elementor-widget-heading\" data-id=\"bcae2d8\" data-element_type=\"widget\" data-widget_type=\"heading.default\">\n\t\t\t\t\t<h2 class=\"elementor-heading-title elementor-size-default\">Nutzen Sie unsere Schnellsuche um Ihre Wunschimmobilie zu finden<\/h2>\t\t\t\t<\/div>\n\t\t\t\t\t<\/div>\n\t\t\t\t<\/div>\n\t\t<div class=\"elementor-element elementor-element-d9c0e6f e-con-full e-flex e-con e-parent\" data-id=\"d9c0e6f\" data-element_type=\"container\">\n\t\t<div class=\"elementor-element elementor-element-7e379af e-con-full e-flex e-con e-child\" data-id=\"7e379af\" data-element_type=\"container\" data-settings=\"{&quot;background_background&quot;:&quot;classic&quot;}\">\n\t\t\t\t<div class=\"elementor-element elementor-element-e97b5fb elementor-widget elementor-widget-heading\" data-id=\"e97b5fb\" data-element_type=\"widget\" data-widget_type=\"heading.default\">\n\t\t\t\t\t<h2 class=\"elementor-heading-title elementor-size-default\">WERTERMITTLUNG<\/h2>\t\t\t\t<\/div>\n\t\t\t\t<div class=\"elementor-element elementor-element-2664c63 elementor-widget elementor-widget-text-editor\" data-id=\"2664c63\" data-element_type=\"widget\" data-widget_type=\"text-editor.default\">\n\t\t\t\t\t\t\t\t\t<p>Die Wertermittlung Ihrer Immobilie liefert eine fundierte Einsch\u00e4tzung des aktuellen Marktwerts. Faktoren wie Lage, Zustand und Ausstattung werden professionell analysiert. So erhalten Sie eine verl\u00e4ssliche Basis f\u00fcr Ihren Verkaufsprozess und k\u00f6nnen fundierte Entscheidungen treffen.<\/p>\t\t\t\t\t\t\t\t<\/div>\n\t\t\t\t<div class=\"elementor-element elementor-element-e69b0da elementor-align-center elementor-widget elementor-widget-button\" data-id=\"e69b0da\" data-element_type=\"widget\" data-widget_type=\"button.default\">\n\t\t\t\t\t\t\t\t\t\t<a class=\"elementor-button elementor-button-link elementor-size-sm\" href=\"#\">\n\t\t\t\t\t\t<span class=\"elementor-button-content-wrapper\">\n\t\t\t\t\t\t\t\t\t<span class=\"elementor-button-text\">Hier klicken<\/span>\n\t\t\t\t\t<\/span>\n\t\t\t\t\t<\/a>\n\t\t\t\t\t\t\t\t<\/div>\n\t\t\t\t<\/div>\n\t\t<div class=\"elementor-element elementor-element-dc11012 e-con-full e-flex e-con e-child\" data-id=\"dc11012\" data-element_type=\"container\" data-settings=\"{&quot;background_background&quot;:&quot;classic&quot;}\">\n\t\t\t\t<div class=\"elementor-element elementor-element-32b6c30 elementor-widget elementor-widget-heading\" data-id=\"32b6c30\" data-element_type=\"widget\" data-widget_type=\"heading.default\">\n\t\t\t\t\t<h2 class=\"elementor-heading-title elementor-size-default\">RUNDUMSERVICE<\/h2>\t\t\t\t<\/div>\n\t\t\t\t<div class=\"elementor-element elementor-element-f4e5523 elementor-widget elementor-widget-text-editor\" data-id=\"f4e5523\" data-element_type=\"widget\" data-widget_type=\"text-editor.default\">\n\t\t\t\t\t\t\t\t\t<p>Unser Rundumservice begleitet Sie zuverl\u00e4ssig durch den gesamten Immobilienprozess. Von der ersten Beratung \u00fcber die professionelle Wertermittlung bis hin zur Vermarktung und Abwicklung erhalten Sie alles aus einer Hand. Pers\u00f6nlich, transparent und auf Ihre W\u00fcnsche abgestimmt.<\/p>\t\t\t\t\t\t\t\t<\/div>\n\t\t\t\t<div class=\"elementor-element elementor-element-8cfce69 elementor-align-center elementor-widget elementor-widget-button\" data-id=\"8cfce69\" data-element_type=\"widget\" data-widget_type=\"button.default\">\n\t\t\t\t\t\t\t\t\t\t<a class=\"elementor-button elementor-button-link elementor-size-sm\" href=\"#\">\n\t\t\t\t\t\t<span class=\"elementor-button-content-wrapper\">\n\t\t\t\t\t\t\t\t\t<span class=\"elementor-button-text\">Hier klicken<\/span>\n\t\t\t\t\t<\/span>\n\t\t\t\t\t<\/a>\n\t\t\t\t\t\t\t\t<\/div>\n\t\t\t\t<\/div>\n\t\t<div class=\"elementor-element elementor-element-e0b4cc6 e-con-full e-flex e-con e-child\" data-id=\"e0b4cc6\" data-element_type=\"container\" data-settings=\"{&quot;background_background&quot;:&quot;classic&quot;}\">\n\t\t\t\t<div class=\"elementor-element elementor-element-f6f5dab elementor-widget elementor-widget-heading\" data-id=\"f6f5dab\" data-element_type=\"widget\" data-widget_type=\"heading.default\">\n\t\t\t\t\t<h2 class=\"elementor-heading-title elementor-size-default\">IMMOBILIENVERKAUF<\/h2>\t\t\t\t<\/div>\n\t\t\t\t<div class=\"elementor-element elementor-element-c6b60da elementor-widget elementor-widget-text-editor\" data-id=\"c6b60da\" data-element_type=\"widget\" data-widget_type=\"text-editor.default\">\n\t\t\t\t\t\t\t\t\t<p>Der Immobilienverkauf erfordert Erfahrung, Marktkenntnis und eine klare Strategie. Wir begleiten Sie von der Wertermittlung \u00fcber die optimale Pr\u00e4sentation bis zur Vertragsunterzeichnung. Mit professioneller Beratung und transparenter Kommunikation erzielen wir das bestm\u00f6gliche Ergebnis f\u00fcr Ihre Immobilie.<\/p>\t\t\t\t\t\t\t\t<\/div>\n\t\t\t\t<div class=\"elementor-element elementor-element-30f92c0 elementor-align-center elementor-widget elementor-widget-button\" data-id=\"30f92c0\" data-element_type=\"widget\" data-widget_type=\"button.default\">\n\t\t\t\t\t\t\t\t\t\t<a class=\"elementor-button elementor-button-link elementor-size-sm\" href=\"#\">\n\t\t\t\t\t\t<span class=\"elementor-button-content-wrapper\">\n\t\t\t\t\t\t\t\t\t<span class=\"elementor-button-text\">Hier klicken<\/span>\n\t\t\t\t\t<\/span>\n\t\t\t\t\t<\/a>\n\t\t\t\t\t\t\t\t<\/div>\n\t\t\t\t<\/div>\n\t\t<div class=\"elementor-element elementor-element-0df98dc e-con-full e-flex e-con e-child\" data-id=\"0df98dc\" data-element_type=\"container\" data-settings=\"{&quot;background_background&quot;:&quot;classic&quot;}\">\n\t\t\t\t<div class=\"elementor-element elementor-element-0d1b936 elementor-widget elementor-widget-heading\" data-id=\"0d1b936\" data-element_type=\"widget\" data-widget_type=\"heading.default\">\n\t\t\t\t\t<h2 class=\"elementor-heading-title elementor-size-default\">REFERENZEN<\/h2>\t\t\t\t<\/div>\n\t\t\t\t<div class=\"elementor-element elementor-element-70143ee elementor-widget elementor-widget-text-editor\" data-id=\"70143ee\" data-element_type=\"widget\" data-widget_type=\"text-editor.default\">\n\t\t\t\t\t\t\t\t\t<p>Unsere Referenzen zeigen erfolgreich abgeschlossene Immobilienverk\u00e4ufe und zufriedene Kunden, die von unserer pers\u00f6nlichen Betreuung und fachlichen Expertise profitieren. Jede Immobilie erz\u00e4hlt ihre eigene Geschichte \u2013 und wir sind stolz darauf, gemeinsam mit unseren Kunden optimale Ergebnisse erzielt zu haben.<\/p>\t\t\t\t\t\t\t\t<\/div>\n\t\t\t\t<div class=\"elementor-element elementor-element-f6c6cd1 elementor-align-center elementor-widget elementor-widget-button\" data-id=\"f6c6cd1\" data-element_type=\"widget\" data-widget_type=\"button.default\">\n\t\t\t\t\t\t\t\t\t\t<a class=\"elementor-button elementor-button-link elementor-size-sm\" href=\"#\">\n\t\t\t\t\t\t<span class=\"elementor-button-content-wrapper\">\n\t\t\t\t\t\t\t\t\t<span class=\"elementor-button-text\">Hier klicken<\/span>\n\t\t\t\t\t<\/span>\n\t\t\t\t\t<\/a>\n\t\t\t\t\t\t\t\t<\/div>\n\t\t\t\t<\/div>\n\t\t\t\t<\/div>\n\t\t<div class=\"elementor-element elementor-element-5a20ac7 e-flex e-con-boxed e-con e-parent\" data-id=\"5a20ac7\" data-element_type=\"container\">\n\t\t\t\t\t<div class=\"e-con-inner\">\n\t\t\t\t<div class=\"elementor-element elementor-element-9b797f5 elementor-widget elementor-widget-heading\" data-id=\"9b797f5\" data-element_type=\"widget\" data-widget_type=\"heading.default\">\n\t\t\t\t\t<h2 class=\"elementor-heading-title elementor-size-default\">TOP IMMOBILIEN IM RAUM AACHEN<\/h2>\t\t\t\t<\/div>\n\t\t\t\t\t<\/div>\n\t\t\t\t<\/div>\n\t\t<div class=\"elementor-element elementor-element-97d2e80 e-con-full e-flex e-con e-parent\" data-id=\"97d2e80\" data-element_type=\"container\">\n\t\t<div class=\"elementor-element elementor-element-2bd272d e-con-full e-flex e-con e-child\" data-id=\"2bd272d\" data-element_type=\"container\" data-settings=\"{&quot;background_background&quot;:&quot;classic&quot;}\">\n\t\t\t\t<div class=\"elementor-element elementor-element-4bb9c3b e-transform elementor-widget elementor-widget-image\" data-id=\"4bb9c3b\" data-element_type=\"widget\" data-settings=\"{&quot;_transform_translateX_effect&quot;:{&quot;unit&quot;:&quot;px&quot;,&quot;size&quot;:110,&quot;sizes&quot;:[]},&quot;_transform_translateX_effect_tablet&quot;:{&quot;unit&quot;:&quot;px&quot;,&quot;size&quot;:&quot;&quot;,&quot;sizes&quot;:[]},&quot;_transform_translateX_effect_mobile&quot;:{&quot;unit&quot;:&quot;px&quot;,&quot;size&quot;:&quot;&quot;,&quot;sizes&quot;:[]},&quot;_transform_translateY_effect&quot;:{&quot;unit&quot;:&quot;px&quot;,&quot;size&quot;:&quot;&quot;,&quot;sizes&quot;:[]},&quot;_transform_translateY_effect_tablet&quot;:{&quot;unit&quot;:&quot;px&quot;,&quot;size&quot;:&quot;&quot;,&quot;sizes&quot;:[]},&quot;_transform_translateY_effect_mobile&quot;:{&quot;unit&quot;:&quot;px&quot;,&quot;size&quot;:&quot;&quot;,&quot;sizes&quot;:[]}}\" data-widget_type=\"image.default\">\n\t\t\t\t\t\t\t\t\t\t\t\t\t\t\t<img decoding=\"async\" width=\"800\" height=\"523\" src=\"https:\/\/sundb.staging-umgebung.de\/wp-content\/uploads\/2025\/12\/2025BroschuereMarketingRZganz.pdf-e1764897615624-1024x670.png\" class=\"attachment-large size-large wp-image-39\" alt=\"\" srcset=\"https:\/\/sundb.staging-umgebung.de\/wp-content\/uploads\/2025\/12\/2025BroschuereMarketingRZganz.pdf-e1764897615624-1024x670.png 1024w, https:\/\/sundb.staging-umgebung.de\/wp-content\/uploads\/2025\/12\/2025BroschuereMarketingRZganz.pdf-e1764897615624-300x196.png 300w, https:\/\/sundb.staging-umgebung.de\/wp-content\/uploads\/2025\/12\/2025BroschuereMarketingRZganz.pdf-e1764897615624-768x502.png 768w, https:\/\/sundb.staging-umgebung.de\/wp-content\/uploads\/2025\/12\/2025BroschuereMarketingRZganz.pdf-e1764897615624.png 1426w\" sizes=\"(max-width: 800px) 100vw, 800px\" \/>\t\t\t\t\t\t\t\t\t\t\t\t\t\t\t<\/div>\n\t\t\t\t<\/div>\n\t\t<div class=\"elementor-element elementor-element-b1d9261 e-con-full e-flex e-con e-child\" data-id=\"b1d9261\" data-element_type=\"container\">\n\t\t\t\t<div class=\"elementor-element elementor-element-f2c60b3 elementor-widget elementor-widget-heading\" data-id=\"f2c60b3\" data-element_type=\"widget\" data-widget_type=\"heading.default\">\n\t\t\t\t\t<h2 class=\"elementor-heading-title elementor-size-default\">DAS TEAM HINTER SCHNEIDER &amp; BERTRANDT<\/h2>\t\t\t\t<\/div>\n\t\t\t\t<div class=\"elementor-element elementor-element-43dfc8e elementor-widget elementor-widget-text-editor\" data-id=\"43dfc8e\" data-element_type=\"widget\" data-widget_type=\"text-editor.default\">\n\t\t\t\t\t\t\t\t\t<p data-start=\"0\" data-end=\"387\">Unser Team vereint fachliche Kompetenz, langj\u00e4hrige Markterfahrung und echte Leidenschaft f\u00fcr Immobilien. Jeder Einzelne bringt spezifisches Know-how ein \u2013 von der fundierten Wertermittlung \u00fcber die strategische Vermarktung bis hin zur pers\u00f6nlichen Kundenbetreuung. Gemeinsam stehen wir f\u00fcr Professionalit\u00e4t, Zuverl\u00e4ssigkeit und h\u00f6chste Qualit\u00e4tsanspr\u00fcche.<\/p><p data-start=\"389\" data-end=\"695\" data-is-last-node=\"\" data-is-only-node=\"\">Gleichzeitig zeichnet uns eine offene, partnerschaftliche Arbeitsweise aus. Wir setzen auf transparente Kommunikation, individuelle L\u00f6sungen und ein harmonisches Miteinander \u2013 sowohl im Team als auch mit unseren Kunden. So schaffen wir die Basis f\u00fcr nachhaltigen Erfolg und erfolgreiche Immobilienprojekte.<\/p>\t\t\t\t\t\t\t\t<\/div>\n\t\t\t\t<div class=\"elementor-element elementor-element-0a095a4 elementor-align-left elementor-widget elementor-widget-button\" data-id=\"0a095a4\" data-element_type=\"widget\" data-widget_type=\"button.default\">\n\t\t\t\t\t\t\t\t\t\t<a class=\"elementor-button elementor-button-link elementor-size-sm\" href=\"#\">\n\t\t\t\t\t\t<span class=\"elementor-button-content-wrapper\">\n\t\t\t\t\t\t\t\t\t<span class=\"elementor-button-text\">Lernen Sie unser Team kennen<\/span>\n\t\t\t\t\t<\/span>\n\t\t\t\t\t<\/a>\n\t\t\t\t\t\t\t\t<\/div>\n\t\t\t\t<\/div>\n\t\t\t\t<\/div>\n\t\t<div class=\"elementor-element elementor-element-61fa444 e-con-full e-flex e-con e-parent\" data-id=\"61fa444\" data-element_type=\"container\">\n\t\t<div class=\"elementor-element elementor-element-62e76e5 e-con-full e-flex e-con e-child\" data-id=\"62e76e5\" data-element_type=\"container\" data-settings=\"{&quot;background_background&quot;:&quot;classic&quot;}\">\n\t\t\t\t<div class=\"elementor-element elementor-element-8197975 e-transform elementor-widget elementor-widget-image\" data-id=\"8197975\" data-element_type=\"widget\" data-settings=\"{&quot;motion_fx_motion_fx_scrolling&quot;:&quot;yes&quot;,&quot;motion_fx_translateY_effect&quot;:&quot;yes&quot;,&quot;_transform_translateX_effect&quot;:{&quot;unit&quot;:&quot;px&quot;,&quot;size&quot;:85,&quot;sizes&quot;:[]},&quot;_transform_translateY_effect&quot;:{&quot;unit&quot;:&quot;px&quot;,&quot;size&quot;:-61,&quot;sizes&quot;:[]},&quot;motion_fx_translateY_speed&quot;:{&quot;unit&quot;:&quot;px&quot;,&quot;size&quot;:4,&quot;sizes&quot;:[]},&quot;motion_fx_translateY_affectedRange&quot;:{&quot;unit&quot;:&quot;%&quot;,&quot;size&quot;:&quot;&quot;,&quot;sizes&quot;:{&quot;start&quot;:0,&quot;end&quot;:100}},&quot;motion_fx_devices&quot;:[&quot;desktop&quot;,&quot;tablet&quot;,&quot;mobile&quot;],&quot;_transform_translateX_effect_tablet&quot;:{&quot;unit&quot;:&quot;px&quot;,&quot;size&quot;:&quot;&quot;,&quot;sizes&quot;:[]},&quot;_transform_translateX_effect_mobile&quot;:{&quot;unit&quot;:&quot;px&quot;,&quot;size&quot;:&quot;&quot;,&quot;sizes&quot;:[]},&quot;_transform_translateY_effect_tablet&quot;:{&quot;unit&quot;:&quot;px&quot;,&quot;size&quot;:&quot;&quot;,&quot;sizes&quot;:[]},&quot;_transform_translateY_effect_mobile&quot;:{&quot;unit&quot;:&quot;px&quot;,&quot;size&quot;:&quot;&quot;,&quot;sizes&quot;:[]}}\" data-widget_type=\"image.default\">\n\t\t\t\t\t\t\t\t\t\t\t\t\t\t\t<img decoding=\"async\" width=\"800\" height=\"545\" src=\"https:\/\/sundb.staging-umgebung.de\/wp-content\/uploads\/2025\/12\/2025BroschuereMarketingRZganz.pdf-1-e1764898043643-1024x697.png\" class=\"attachment-large size-large wp-image-44\" alt=\"\" srcset=\"https:\/\/sundb.staging-umgebung.de\/wp-content\/uploads\/2025\/12\/2025BroschuereMarketingRZganz.pdf-1-e1764898043643-1024x697.png 1024w, https:\/\/sundb.staging-umgebung.de\/wp-content\/uploads\/2025\/12\/2025BroschuereMarketingRZganz.pdf-1-e1764898043643-300x204.png 300w, https:\/\/sundb.staging-umgebung.de\/wp-content\/uploads\/2025\/12\/2025BroschuereMarketingRZganz.pdf-1-e1764898043643-768x522.png 768w, https:\/\/sundb.staging-umgebung.de\/wp-content\/uploads\/2025\/12\/2025BroschuereMarketingRZganz.pdf-1-e1764898043643.png 1426w\" sizes=\"(max-width: 800px) 100vw, 800px\" \/>\t\t\t\t\t\t\t\t\t\t\t\t\t\t\t<\/div>\n\t\t\t\t<div class=\"elementor-element elementor-element-7b2ca6b elementor-widget elementor-widget-heading\" data-id=\"7b2ca6b\" data-element_type=\"widget\" data-widget_type=\"heading.default\">\n\t\t\t\t\t<h2 class=\"elementor-heading-title elementor-size-default\">VERKAUFEN<\/h2>\t\t\t\t<\/div>\n\t\t\t\t<div class=\"elementor-element elementor-element-c4eabdf elementor-widget elementor-widget-text-editor\" data-id=\"c4eabdf\" data-element_type=\"widget\" data-widget_type=\"text-editor.default\">\n\t\t\t\t\t\t\t\t\t<p>Der Verkauf einer Immobilie ist eine weitreichende Entscheidung, die professionelle Planung und fundierte Marktkenntnisse erfordert. Bereits in der Vorbereitung legen wir den Grundstein f\u00fcr Ihren Erfolg: von der pr\u00e4zisen Wertermittlung \u00fcber die Analyse der Zielgruppe bis zur optimalen Aufbereitung aller Unterlagen. So entsteht eine solide Basis f\u00fcr einen reibungslosen Verkaufsprozess.<\/p><p>In der Vermarktungsphase setzen wir auf moderne Strategien, hochwertige Pr\u00e4sentationen und zielgerichtete Kan\u00e4le, um Ihre Immobilie bestm\u00f6glich zu positionieren. Professionelle Fotos, aussagekr\u00e4ftige Expos\u00e9s und eine seri\u00f6se Interessentenpr\u00fcfung sorgen daf\u00fcr, dass Ihre Immobilie genau die Aufmerksamkeit erh\u00e4lt, die sie verdient.<\/p><p>W\u00e4hrend des gesamten Verkaufs begleiten wir Sie pers\u00f6nlich \u2013 transparent, engagiert und l\u00f6sungsorientiert. Wir f\u00fchren die Verhandlungen, koordinieren Besichtigungen und unterst\u00fctzen Sie bis zur finalen Vertragsunterzeichnung. Unser Ziel: den bestm\u00f6glichen Preis f\u00fcr Ihre Immobilie erzielen und Ihnen zugleich ein sicheres, angenehmes Verkaufserlebnis bieten.<\/p>\t\t\t\t\t\t\t\t<\/div>\n\t\t\t\t<\/div>\n\t\t<div class=\"elementor-element elementor-element-c2acbcf e-con-full e-flex e-con e-child\" data-id=\"c2acbcf\" data-element_type=\"container\" data-settings=\"{&quot;background_background&quot;:&quot;classic&quot;}\">\n\t\t\t\t<div class=\"elementor-element elementor-element-d85d228 elementor-widget elementor-widget-heading\" data-id=\"d85d228\" data-element_type=\"widget\" data-widget_type=\"heading.default\">\n\t\t\t\t\t<h2 class=\"elementor-heading-title elementor-size-default\">VERMIETEN<\/h2>\t\t\t\t<\/div>\n\t\t\t\t<div class=\"elementor-element elementor-element-d160f4a elementor-widget elementor-widget-text-editor\" data-id=\"d160f4a\" data-element_type=\"widget\" data-widget_type=\"text-editor.default\">\n\t\t\t\t\t\t\t\t\t<p>Die Vermietung einer Immobilie erfordert sorgf\u00e4ltige Vorbereitung und ein klares Verst\u00e4ndnis des aktuellen Mietmarktes. Wir unterst\u00fctzen Sie dabei, den passenden Mietpreis festzulegen, notwendige Unterlagen zusammenzustellen und Ihre Immobilie optimal zu pr\u00e4sentieren. So schaffen wir ideale Voraussetzungen f\u00fcr eine erfolgreiche Vermietung.<\/p><p>In der Vermarktungsphase setzen wir auf professionelle Fotos, \u00fcberzeugende Expos\u00e9s und zielgerichtete Werbung, um qualifizierte Interessenten zu erreichen. Eine gr\u00fcndliche Vorauswahl und Bonit\u00e4tspr\u00fcfung sorgen daf\u00fcr, dass nur zuverl\u00e4ssige Bewerber in die engere Auswahl gelangen.<\/p><p>W\u00e4hrend des gesamten Prozesses begleiten wir Sie pers\u00f6nlich \u2013 von der ersten Anfrage bis zur Vertragsunterzeichnung. Wir \u00fcbernehmen Besichtigungen, f\u00fchren Gespr\u00e4che und stehen Ihnen beratend zur Seite. Unser Ziel ist es, einen geeigneten, langfristigen Mieter f\u00fcr Ihre Immobilie zu finden und Ihnen gleichzeitig Zeit, Aufwand und m\u00f6gliche Risiken abzunehmen.<\/p>\t\t\t\t\t\t\t\t<\/div>\n\t\t\t\t<div class=\"elementor-element elementor-element-752bf49 elementor-widget elementor-widget-image\" data-id=\"752bf49\" data-element_type=\"widget\" data-settings=\"{&quot;motion_fx_motion_fx_scrolling&quot;:&quot;yes&quot;,&quot;motion_fx_translateY_effect&quot;:&quot;yes&quot;,&quot;motion_fx_translateY_speed&quot;:{&quot;unit&quot;:&quot;px&quot;,&quot;size&quot;:1.4,&quot;sizes&quot;:[]},&quot;motion_fx_translateY_affectedRange&quot;:{&quot;unit&quot;:&quot;%&quot;,&quot;size&quot;:&quot;&quot;,&quot;sizes&quot;:{&quot;start&quot;:0,&quot;end&quot;:100}},&quot;motion_fx_devices&quot;:[&quot;desktop&quot;,&quot;tablet&quot;,&quot;mobile&quot;]}\" data-widget_type=\"image.default\">\n\t\t\t\t\t\t\t\t\t\t\t\t\t\t\t<img loading=\"lazy\" decoding=\"async\" width=\"800\" height=\"534\" src=\"https:\/\/sundb.staging-umgebung.de\/wp-content\/uploads\/2025\/12\/morning-exercise-2024-05-27-02-46-35-utc-1024x683.jpg\" class=\"attachment-large size-large wp-image-50\" alt=\"\" srcset=\"https:\/\/sundb.staging-umgebung.de\/wp-content\/uploads\/2025\/12\/morning-exercise-2024-05-27-02-46-35-utc-1024x683.jpg 1024w, https:\/\/sundb.staging-umgebung.de\/wp-content\/uploads\/2025\/12\/morning-exercise-2024-05-27-02-46-35-utc-300x200.jpg 300w, https:\/\/sundb.staging-umgebung.de\/wp-content\/uploads\/2025\/12\/morning-exercise-2024-05-27-02-46-35-utc-768x512.jpg 768w, https:\/\/sundb.staging-umgebung.de\/wp-content\/uploads\/2025\/12\/morning-exercise-2024-05-27-02-46-35-utc-1536x1025.jpg 1536w, https:\/\/sundb.staging-umgebung.de\/wp-content\/uploads\/2025\/12\/morning-exercise-2024-05-27-02-46-35-utc-2048x1366.jpg 2048w\" sizes=\"(max-width: 800px) 100vw, 800px\" \/>\t\t\t\t\t\t\t\t\t\t\t\t\t\t\t<\/div>\n\t\t\t\t<\/div>\n\t\t\t\t<\/div>\n\t\t\t\t<\/div>\n\t\t","protected":false},"excerpt":{"rendered":"<p>Schneider und Bertrand IHR IMMOBILIENMAKLER IN AACHEN WEITER BEWERTEN SIE JETZT IHRE IMMOBILIE Wir bewerten Ihre Immobilie mit bew\u00e4hrten Methoden und legen so das Fundament f\u00fcr Ihren erfolgreichen Immobilienverkauf SIE SUCHEN EINE IMMOBILIE? Nutzen Sie unsere Schnellsuche um Ihre Wunschimmobilie zu finden WERTERMITTLUNG Die Wertermittlung Ihrer Immobilie liefert eine fundierte Einsch\u00e4tzung des aktuellen Marktwerts. Faktoren [&hellip;]<\/p>\n","protected":false},"author":1,"featured_media":0,"parent":0,"menu_order":0,"comment_status":"closed","ping_status":"closed","template":"","meta":{"_acf_changed":false,"footnotes":""},"class_list":["post-8","page","type-page","status-publish","hentry"],"acf":[],"_links":{"self":[{"href":"https:\/\/sundb.staging-umgebung.de\/index.php?rest_route=\/wp\/v2\/pages\/8","targetHints":{"allow":["GET"]}}],"collection":[{"href":"https:\/\/sundb.staging-umgebung.de\/index.php?rest_route=\/wp\/v2\/pages"}],"about":[{"href":"https:\/\/sundb.staging-umgebung.de\/index.php?rest_route=\/wp\/v2\/types\/page"}],"author":[{"embeddable":true,"href":"https:\/\/sundb.staging-umgebung.de\/index.php?rest_route=\/wp\/v2\/users\/1"}],"replies":[{"embeddable":true,"href":"https:\/\/sundb.staging-umgebung.de\/index.php?rest_route=%2Fwp%2Fv2%2Fcomments&post=8"}],"version-history":[{"count":22,"href":"https:\/\/sundb.staging-umgebung.de\/index.php?rest_route=\/wp\/v2\/pages\/8\/revisions"}],"predecessor-version":[{"id":62,"href":"https:\/\/sundb.staging-umgebung.de\/index.php?rest_route=\/wp\/v2\/pages\/8\/revisions\/62"}],"wp:attachment":[{"href":"https:\/\/sundb.staging-umgebung.de\/index.php?rest_route=%2Fwp%2Fv2%2Fmedia&parent=8"}],"curies":[{"name":"wp","href":"https:\/\/api.w.org\/{rel}","templated":true}]}}